9
What is the highest common factor of 11 and 797588?
11
What is the greatest common factor of 2057 and 257851?
121
What is the highest common divisor of 6058 and 32656?
26
What is the greatest common divisor of 15 and 2469410?
5
Calculate the highest common factor of 223542 and 18.
18
What is the greatest common divisor of 2964 and 223516?
76
Calculate the highest common factor of 6960 and 27115.
145
What is the highest common factor of 524 and 116590?
262
What is the highest common divisor of 30495 and 2280?
285
What is the highest common factor of 8560 and 19120?
80
What is the greatest common factor of 2811820 and 275?
55
Calculate the greatest common divisor of 6 and 128772.
6
What is the greatest common factor of 754 and 326482?
754
What is the highest common factor of 147852 and 324?
108
Calculate the highest common factor of 7072 and 7384.
104
What is the highest common factor of 2201 and 1917?
71
Calculate the greatest common divisor of 3 and 1119639.
3
Calculate the greatest common divisor of 117941 and 59.
59
Calculate the greatest common divisor of 405 and 71361.
81
What is the greatest common divisor of 189 and 69039?
27
What is the highest common factor of 24 and 8256?
24
What is the highest common divisor of 121 and 831677?
11
What is the greatest common divisor of 30065 and 35?
35
Calculate the greatest common divisor of 36 and 68157.
9
Calculate the greatest common divisor of 897 and 67873.
299
Calculate the highest common divisor of 23124 and 51660.
492
Calculate the greatest common factor of 51489 and 999.
27
What is the highest common factor of 1872 and 5760?
144
Calculate the highest common factor of 1762590 and 15.
15
Calculate the greatest common divisor of 1312 and 664.
8
Calculate the highest common factor of 2257 and 57767.
61
Calculate the greatest common factor of 54 and 388812.
6
Calculate the highest common divisor of 8 and 609584.
8
Calculate the highest common factor of 817 and 197929.
43
What is the greatest common divisor of 172 and 559?
43
What is the greatest common divisor of 261 and 96417?
9
Calculate the highest common divisor of 7 and 14756.
7
Calculate the highest common factor of 68 and 337637.
17
Calculate the greatest common factor of 2166 and 516.
6
Calculate the greatest common divisor of 1098751 and 76.
19
Calculate the greatest common divisor of 8471 and 121549.
197
What is the greatest common divisor of 2136 and 360?
24
Calculate the greatest common factor of 165400 and 150.
50
What is the highest common factor of 1257 and 9657531?
1257
What is the greatest common divisor of 35079 and 66?
33
Calculate the highest common factor of 245 and 1295.
35
Calculate the greatest common divisor of 161 and 284809.
161
Calculate the highest common divisor of 380 and 172330.
190
Calculate the highest common factor of 98725 and 33.
11
Calculate the highest common factor of 424905 and 104.
13
What is the greatest common factor of 7034 and 6?
2
What is the greatest common factor of 230 and 45655?
115
What is the highest common factor of 1038 and 143417?
173
Calculate the greatest common factor of 1062 and 4428.
18
What is the greatest common divisor of 1487187 and 669?
669
Calculate the highest common factor of 2992 and 86064.
176
Calculate the greatest common divisor of 72936 and 396.
36
Calculate the greatest common factor of 272 and 7696.
16
Calculate the greatest common factor of 6858 and 132.
6
What is the greatest common factor of 341313 and 21?
21
Calculate the highest common factor of 84325 and 275.
25
Calculate the highest common factor of 9 and 540909.
9
What is the greatest common factor of 28302 and 371?
53
What is the highest common factor of 20650101 and 123?
123
What is the highest common divisor of 9849 and 3216?
201
Calculate the highest common factor of 176 and 7146128.
176
Calculate the greatest common divisor of 135528 and 24.
24
What is the greatest common factor of 63 and 1762964?
7
Calculate the greatest common divisor of 1442 and 2534.
14
What is the greatest common factor of 2050682 and 158?
158
Calculate the greatest common factor of 56675 and 5200.
25
Calculate the greatest common divisor of 1267 and 224.
7
Calculate the highest common divisor of 10 and 44615.
5
Calculate the highest common factor of 839063 and 1528.
191
Calculate the greatest common factor of 29 and 1027963.
29
What is the greatest common divisor of 175 and 120715?
35
Calculate the greatest common factor of 1539 and 65227.
19
What is the highest common factor of 33 and 853402?
11
What is the greatest common factor of 115 and 2231?
23
What is the highest common divisor of 137939 and 2036?
509
Calculate the greatest common divisor of 8030 and 5390.
110
Calculate the greatest common factor of 7364808 and 6120.
1224
What is the highest common factor of 14 and 130774?
14
Calculate the greatest common divisor of 326420 and 32.
4
What is the highest common divisor of 369985 and 70?
35
What is the highest common factor of 802 and 2592866?
802
What is the highest common divisor of 10081 and 663?
17
Calculate the greatest common factor of 8525 and 84320.
155
What is the greatest common divisor of 1680 and 7015680?
1680
Calculate the highest common factor of 7878 and 4040.
202
Calculate the greatest common divisor of 80884 and 5263.
277
What is the highest common divisor of 1466764 and 421?
421
Calculate the highest common divisor of 11685 and 22263.
123
Calculate the highest common factor of 913 and 12533.
83
Calculate the highest common factor of 592 and 1744.
16
What is the greatest common divisor of 26 and 919139?
13
Calculate the greatest common divisor of 642 and 473582.
214
What is the greatest common factor of 690675 and 25?
25
Calculate the greatest common divisor of 505 and 3434.
101
What is the greatest common divisor of 265302 and 54?
54
What is the highest common divisor of 402 and 219090?
402
What is the highest common factor of 450 and 110150?
50
What is the highest common factor of 59052 and 296?
148
Calculate the greatest common divisor of 128 and 777344.
128
What is the greatest common divisor of 586703 and 91?
13
Calculate the highest common factor of 43653 and 12.
3
Calculate the greatest common factor of 18 and 26187102.
18
Calculate the greatest common divisor of 151092 and 96.
12
Calculate the highest common factor of 570 and 706686.
114
Calculate the greatest common factor of 8853 and 1816.
227
What is the highest common factor of 21747 and 165?
33
Calculate the highest common factor of 13843 and 41.
1
Calculate the greatest common divisor of 9100 and 147420.
1820
What is the highest common divisor of 18672 and 2723?
389
Calculate the greatest common divisor of 3030 and 10908.
606
What is the greatest common divisor of 669 and 330263?
223
Calculate the highest common divisor of 5764 and 15458.
262
What is the greatest common factor of 30 and 13760?
10
Calculate the greatest common factor of 10305 and 81295.
1145
Calculate the greatest common factor of 13642 and 1311.
19
Calculate the highest common divisor of 32120 and 12760.
440
Calculate the greatest common factor of 442030 and 10.
10
What is the greatest common divisor of 659692 and 88?
44
Calculate the highest common factor of 1166887 and 515.
103
Calculate the greatest common factor of 351 and 837.
27
Calculate the greatest common factor of 41206 and 66.
22
Calculate the highest common divisor of 7100532 and 118.
118
Calculate the highest common factor of 20160 and 5796.
252
Calculate the greatest common divisor of 122467 and 1189.
1189
Calculate the highest common divisor of 4375 and 40775.
175
What is the highest common divisor of 60 and 187755?
15
Calculate the highest common factor of 365019 and 866.
433
What is the highest common factor of 199794 and 77?
7
Calculate the greatest common divisor of 21903 and 8232.
147
Calculate the highest common factor of 2200484 and 52.
52
What is the greatest common divisor of 259976 and 8?
8
Calculate the greatest common factor of 1892 and 15092.
44
What is the highest common divisor of 45 and 273120?
15
Calculate the highest common divisor of 10443224 and 8.
8
What is the highest common factor of 144789 and 357?
51
What is the highest common factor of 45 and 321795?
45
Calculate the highest common factor